{"id":908,"date":"2025-05-17T11:23:19","date_gmt":"2025-05-17T08:23:19","guid":{"rendered":"https:\/\/wir2030.com\/boletin\/"},"modified":"2025-05-22T09:57:00","modified_gmt":"2025-05-22T06:57:00","slug":"boletin","status":"publish","type":"page","link":"https:\/\/wir2030.com\/es\/boletin\/","title":{"rendered":"Bolet\u00edn"},"content":{"rendered":"\n<div class=\"wp-block-group alignfull is-style-section-2 has-global-padding is-content-justification-center is-layout-constrained wp-block-group-is-layout-constrained is-style-section-2--1\" id=\"page-title-section\" style=\"margin-top:0;margin-bottom:0;padding-top:var(--wp--preset--spacing--40);padding-bottom:var(--wp--preset--spacing--40)\">\n<div class=\"wp-block-columns alignwide is-layout-flex wp-container-core-columns-is-layout-a2e1813e wp-block-columns-is-layout-flex\">\n<div class=\"wp-block-column is-vertically-aligned-center has-global-padding is-content-justification-left is-layout-constrained wp-container-core-column-is-layout-a580ebe5 wp-block-column-is-layout-constrained\">\n<h2 class=\"wp-block-heading has-xx-large-font-size\">Trabajar juntos por el cambio social<\/h2>\n\n\n\n<p class=\"has-medium-font-size wp-block-paragraph\">Nuestra plataforma promueve el cambio social mediante debates cr\u00edticos y el apoyo conjunto a las 95 Tesis. Forma parte de este movimiento. <\/p>\n<\/div>\n\n\n\n<div class=\"wp-block-column is-vertically-aligned-bottom is-layout-flow wp-block-column-is-layout-flow\">\n<figure class=\"wp-block-image size-full\"><img data-recalc-dims=\"1\" decoding=\"async\" src=\"https:\/\/i0.wp.com\/images.pexels.com\/photos\/356372\/pexels-photo-356372.jpeg?ssl=1\" alt=\"Cambio social\" style=\"aspect-ratio:1;object-fit:cover\"\/><\/figure>\n<\/div>\n<\/div>\n<\/div>\n\n<div class=\"wp-block-group alignfull is-style-section-default has-global-padding is-content-justification-center is-layout-constrained wp-block-group-is-layout-constrained\" id=\"newsletter-section\" style=\"margin-top:0;margin-bottom:0;padding-top:var(--wp--preset--spacing--50);padding-bottom:var(--wp--preset--spacing--50)\">\n<div class=\"wp-block-group alignwide has-global-padding is-content-justification-left is-layout-constrained wp-container-core-group-is-layout-e7ff2820 wp-block-group-is-layout-constrained\">\n<div class=\"wp-block-group is-vertical is-layout-flex wp-container-core-group-is-layout-006f131a wp-block-group-is-layout-flex\">\n<h2 class=\"wp-block-heading\">Cambio social<\/h2>\n\n\n\n<p class=\"wp-block-paragraph\">Mantente informado sobre los debates e iniciativas actuales que est\u00e1n cambiando nuestra sociedad.<\/p>\n<\/div>\n\n\n<div class=\"wp-block-jetpack-subscriptions__supports-newline alignwide wp-block-jetpack-subscriptions\">\n\t\t<div>\n\t\t\t<div>\n\t\t\t\t<div>\n\t\t\t\t\t<p >\n\t\t\t\t\t\t<a href=\"https:\/\/wir2030.com\/es\/?post_type=page&#038;p=908\" style=\"font-size: 16px;padding: 15px 23px 15px 23px;margin: 0; margin-left: 10px;border-radius: 0px;border-width: 1px; background-color: #113AF5; color: #FFFFFF; text-decoration: none; white-space: nowrap; margin-left: 0\">Suscribirse<\/a>\n\t\t\t\t\t<\/p>\n\t\t\t\t<\/div>\n\t\t\t<\/div>\n\t\t<\/div>\n\t<\/div><\/div>\n<\/div>\n","protected":false},"excerpt":{"rendered":"<p>Trabajar juntos por el cambio social Nuestra plataforma promueve el cambio social mediante debates cr\u00edticos y el apoyo conjunto a las 95 Tesis. Forma parte de este movimiento. Cambio social Mantente informado sobre los debates e iniciativas actuales que est\u00e1n cambiando nuestra sociedad.<\/p>\n","protected":false},"author":112514394,"featured_media":0,"parent":0,"menu_order":3,"comment_status":"closed","ping_status":"closed","template":"","meta":{"_crdt_document":"","advanced_seo_description":"","jetpack_seo_html_title":"","jetpack_seo_noindex":false,"footnotes":"","big_sky_generated":false},"class_list":["post-908","page","type-page","status-publish","hentry"],"jetpack_likes_enabled":true,"jetpack_sharing_enabled":true,"jetpack_shortlink":"https:\/\/wp.me\/Pgv6KY-eE","jetpack-related-posts":[{"id":895,"url":"https:\/\/wir2030.com\/es\/tesis\/","url_meta":{"origin":908,"position":0},"title":"Tesis","author":"boschimo","date":"17 de mayo de 2025","format":false,"excerpt":"Sociedad en transici\u00f3n En esta plataforma, debatimos los acontecimientos actuales y los retos del cambio social en relaci\u00f3n con las 95 tesis. Aqu\u00ed puedes compartir tus ideas y hacer campa\u00f1a por un cambio positivo. Con sus tesis, Mart\u00edn Lutero quer\u00eda abrir un espacio de debate para reconducir a la Iglesia\u2026","rel":"","context":"Entrada similar","block_context":{"text":"Entrada similar","link":""},"img":{"alt_text":"","src":"https:\/\/i0.wp.com\/wir2030.com\/wp-content\/uploads\/2025\/05\/pexels-photo-1557251.jpeg?resize=350%2C200&ssl=1","width":350,"height":200,"srcset":"https:\/\/i0.wp.com\/wir2030.com\/wp-content\/uploads\/2025\/05\/pexels-photo-1557251.jpeg?resize=350%2C200&ssl=1 1x, https:\/\/i0.wp.com\/wir2030.com\/wp-content\/uploads\/2025\/05\/pexels-photo-1557251.jpeg?resize=525%2C300&ssl=1 1.5x, https:\/\/i0.wp.com\/wir2030.com\/wp-content\/uploads\/2025\/05\/pexels-photo-1557251.jpeg?resize=700%2C400&ssl=1 2x"},"classes":[]},{"id":943,"url":"https:\/\/wir2030.com\/es\/","url_meta":{"origin":908,"position":1},"title":"Inicio","author":"boschimo","date":"17 de mayo de 2025","format":false,"excerpt":"Juntos por el cambio socialLo que quer\u00eda Mart\u00edn Lutero con sus 95 tesis (resumido brevemente): Mart\u00edn Lutero no quer\u00eda destruir la Iglesia, sino reconducirla a su verdadera misi\u00f3n.Sus 95 tesis (1517) iban dirigidas contra: el abuso del poder religioso (especialmente mediante la venta de indulgencias), la instrumentalizaci\u00f3n de la fe\u2026","rel":"","context":"Entrada similar","block_context":{"text":"Entrada similar","link":""},"img":{"alt_text":"","src":"https:\/\/i0.wp.com\/wir2030.com\/wp-content\/uploads\/2025\/05\/wir2030-bild-1.jpg?resize=350%2C200&ssl=1","width":350,"height":200,"srcset":"https:\/\/i0.wp.com\/wir2030.com\/wp-content\/uploads\/2025\/05\/wir2030-bild-1.jpg?resize=350%2C200&ssl=1 1x, https:\/\/i0.wp.com\/wir2030.com\/wp-content\/uploads\/2025\/05\/wir2030-bild-1.jpg?resize=525%2C300&ssl=1 1.5x"},"classes":[]},{"id":910,"url":"https:\/\/wir2030.com\/es\/la-dictadura-comienza-cuando-los-medios-de-comunicacion-se-alinean\/","url_meta":{"origin":908,"position":2},"title":"La dictadura comienza cuando los medios de comunicaci\u00f3n se alinean.","author":"boschimo","date":"17 de mayo de 2025","format":false,"excerpt":"Tesis 3: La dictadura comienza cuando los medios de comunicaci\u00f3n est\u00e1n sincronizados. Explicaci\u00f3n y justificaci\u00f3n Una sociedad libre se nutre del discurso abierto, del choque de opiniones y de la competencia de ideas. Los medios de comunicaci\u00f3n desempe\u00f1an un papel clave en esto: deben informar, ilustrar y controlar, no adoctrinar.\u2026","rel":"","context":"Entrada similar","block_context":{"text":"Entrada similar","link":""},"img":{"alt_text":"","src":"https:\/\/i0.wp.com\/wir2030.com\/wp-content\/uploads\/2025\/05\/image-2.png?resize=350%2C200&ssl=1","width":350,"height":200,"srcset":"https:\/\/i0.wp.com\/wir2030.com\/wp-content\/uploads\/2025\/05\/image-2.png?resize=350%2C200&ssl=1 1x, https:\/\/i0.wp.com\/wir2030.com\/wp-content\/uploads\/2025\/05\/image-2.png?resize=525%2C300&ssl=1 1.5x, https:\/\/i0.wp.com\/wir2030.com\/wp-content\/uploads\/2025\/05\/image-2.png?resize=700%2C400&ssl=1 2x"},"classes":[]},{"id":905,"url":"https:\/\/wir2030.com\/en\/about-us\/","url_meta":{"origin":908,"position":3},"title":"About us","author":"boschimo","date":"17 de mayo de 2025","format":false,"excerpt":"Understanding social change Our platform promotes social change through open discussions and support for the 95 Theses. Together, we want to shape sustainable change and promote greater social responsibility. Social change begins with dialog Our platform promotes social change through open discussions and joint support for the 95 theses in\u2026","rel":"","context":"Entrada similar","block_context":{"text":"Entrada similar","link":""},"img":{"alt_text":"","src":"","width":0,"height":0},"classes":[]},{"id":800,"url":"https:\/\/wir2030.com\/en\/newsletter\/","url_meta":{"origin":908,"position":4},"title":"Newsletter","author":"boschimo","date":"17 de mayo de 2025","format":false,"excerpt":"Working together for social change Our platform promotes social change through critical discussions and joint support of the 95 Theses. Become part of this movement. Social change Stay informed about current discussions and initiatives that are changing our society.","rel":"","context":"Entrada similar","block_context":{"text":"Entrada similar","link":""},"img":{"alt_text":"","src":"","width":0,"height":0},"classes":[]},{"id":796,"url":"https:\/\/wir2030.com\/it\/newsletter\/","url_meta":{"origin":908,"position":5},"title":"Newsletter","author":"boschimo","date":"17 de mayo de 2025","format":false,"excerpt":"Lavorare insieme per il cambiamento sociale La nostra piattaforma promuove il cambiamento sociale attraverso discussioni critiche e il sostegno comune alle 95 Tesi. Entra a far parte di questo movimento. Cambiamento sociale Rimani informato sulle discussioni e le iniziative attuali che stanno cambiando la nostra societ\u00e0.","rel":"","context":"Entrada similar","block_context":{"text":"Entrada similar","link":""},"img":{"alt_text":"","src":"","width":0,"height":0},"classes":[]}],"_links":{"self":[{"href":"https:\/\/wir2030.com\/es\/wp-json\/wp\/v2\/pages\/908","targetHints":{"allow":["GET"]}}],"collection":[{"href":"https:\/\/wir2030.com\/es\/wp-json\/wp\/v2\/pages"}],"about":[{"href":"https:\/\/wir2030.com\/es\/wp-json\/wp\/v2\/types\/page"}],"author":[{"embeddable":true,"href":"https:\/\/wir2030.com\/es\/wp-json\/wp\/v2\/users\/112514394"}],"replies":[{"embeddable":true,"href":"https:\/\/wir2030.com\/es\/wp-json\/wp\/v2\/comments?post=908"}],"version-history":[{"count":1,"href":"https:\/\/wir2030.com\/es\/wp-json\/wp\/v2\/pages\/908\/revisions"}],"predecessor-version":[{"id":909,"href":"https:\/\/wir2030.com\/es\/wp-json\/wp\/v2\/pages\/908\/revisions\/909"}],"wp:attachment":[{"href":"https:\/\/wir2030.com\/es\/wp-json\/wp\/v2\/media?parent=908"}],"curies":[{"name":"wp","href":"https:\/\/api.w.org\/{rel}","templated":true}]}}

Boletín

<div class="wp-block-group alignfull is-style-section-2 has-global-padding is-content-justification-center is-layout-constrained wp-block-group-is-layout-constrained is-style-section-2--1" id="page-title-section" style="margin-top:0;margin-bottom:0;padding-top:var(--wp--preset--spacing--40);padding-bottom:var(--wp--preset--spacing--40)">
<div class="wp-block-columns alignwide is-layout-flex wp-container-core-columns-is-layout-a2e1813e wp-block-columns-is-layout-flex">
<div class="wp-block-column is-vertically-aligned-center has-global-padding is-content-justification-left is-layout-constrained wp-container-core-column-is-layout-a580ebe5 wp-block-column-is-layout-constrained">
<h2 class="wp-block-heading has-xx-large-font-size">Trabajar juntos por el cambio social</h2>



<p class="has-medium-font-size wp-block-paragraph">Nuestra plataforma promueve el cambio social mediante debates críticos y el apoyo conjunto a las 95 Tesis. Forma parte de este movimiento. </p>
</div>



<div class="wp-block-column is-vertically-aligned-bottom is-layout-flow wp-block-column-is-layout-flow">
<figure class="wp-block-image size-full"><img data-recalc-dims="1" decoding="async" src="https://i0.wp.com/images.pexels.com/photos/356372/pexels-photo-356372.jpeg?ssl=1" alt="Cambio social" style="aspect-ratio:1;object-fit:cover"/></figure>
</div>
</div>
</div>

<div class="wp-block-group alignfull is-style-section-default has-global-padding is-content-justification-center is-layout-constrained wp-block-group-is-layout-constrained" id="newsletter-section" style="margin-top:0;margin-bottom:0;padding-top:var(--wp--preset--spacing--50);padding-bottom:var(--wp--preset--spacing--50)">
<div class="wp-block-group alignwide has-global-padding is-content-justification-left is-layout-constrained wp-container-core-group-is-layout-e7ff2820 wp-block-group-is-layout-constrained">
<div class="wp-block-group is-vertical is-layout-flex wp-container-core-group-is-layout-006f131a wp-block-group-is-layout-flex">
<h2 class="wp-block-heading">Cambio social</h2>



<p class="wp-block-paragraph">Mantente informado sobre los debates e iniciativas actuales que están cambiando nuestra sociedad.</p>
</div>


<div class="wp-block-jetpack-subscriptions__supports-newline alignwide wp-block-jetpack-subscriptions">
		<div>
			<div>
				<div>
					<p >
						<a href="https://wir2030.com/es/?post_type=page&#038;p=908" style="font-size: 16px;padding: 15px 23px 15px 23px;margin: 0; margin-left: 10px;border-radius: 0px;border-width: 1px; background-color: #113AF5; color: #FFFFFF; text-decoration: none; white-space: nowrap; margin-left: 0">Suscribirse</a>
					</p>
				</div>
			</div>
		</div>
	</div></div>
</div>

<p>Trabajar juntos por el cambio social Nuestra plataforma promueve el cambio social mediante debates críticos y el apoyo conjunto a las 95 Tesis. Forma parte de este movimiento. Cambio social Mantente informado sobre los debates e iniciativas actuales que están cambiando nuestra sociedad.</p>

Sociedad en transición En esta plataforma, debatimos los acontecimientos actuales y los retos del cambio social en relación con las 95 tesis. Aquí puedes compartir tus ideas y hacer campaña por un cambio positivo. Con sus tesis, Martín Lutero quería abrir un espacio de debate para reconducir a la Iglesia…

Juntos por el cambio socialLo que quería Martín Lutero con sus 95 tesis (resumido brevemente): Martín Lutero no quería destruir la Iglesia, sino reconducirla a su verdadera misión.Sus 95 tesis (1517) iban dirigidas contra: el abuso del poder religioso (especialmente mediante la venta de indulgencias), la instrumentalización de la fe…

La dictadura comienza cuando los medios de comunicación se alinean.

Tesis 3: La dictadura comienza cuando los medios de comunicación están sincronizados. Explicación y justificación Una sociedad libre se nutre del discurso abierto, del choque de opiniones y de la competencia de ideas. Los medios de comunicación desempeñan un papel clave en esto: deben informar, ilustrar y controlar, no adoctrinar.…

Lavorare insieme per il cambiamento sociale La nostra piattaforma promuove il cambiamento sociale attraverso discussioni critiche e il sostegno comune alle 95 Tesi. Entra a far parte di questo movimento. Cambiamento sociale Rimani informato sulle discussioni e le iniziative attuali che stanno cambiando la nostra società.
