{"id":904,"date":"2025-05-17T11:23:19","date_gmt":"2025-05-17T08:23:19","guid":{"rendered":"https:\/\/wir2030.com\/theses\/"},"modified":"2025-05-22T09:57:00","modified_gmt":"2025-05-22T06:57:00","slug":"theses","status":"publish","type":"page","link":"https:\/\/wir2030.com\/en\/theses\/","title":{"rendered":"Theses"},"content":{"rendered":"\n<div class=\"wp-block-group alignfull is-style-section-2 has-global-padding is-content-justification-center is-layout-constrained wp-block-group-is-layout-constrained is-style-section-2--1\" id=\"page-title-section\" style=\"margin-top:0;margin-bottom:0;padding-top:var(--wp--preset--spacing--40);padding-bottom:var(--wp--preset--spacing--40)\">\n<div class=\"wp-block-columns alignwide is-layout-flex wp-container-core-columns-is-layout-a2e1813e wp-block-columns-is-layout-flex\">\n<div class=\"wp-block-column is-vertically-aligned-center has-global-padding is-content-justification-left is-layout-constrained wp-container-core-column-is-layout-a580ebe5 wp-block-column-is-layout-constrained\">\n<h2 class=\"wp-block-heading has-xx-large-font-size\">Society in transition<\/h2>\n\n\n\n<p class=\"has-medium-font-size wp-block-paragraph\">On this platform, we discuss the current developments and challenges of social change in connection with the 95 theses. Here you can share your thoughts and advocate for positive change. <br\/><br\/>With his theses, Martin Luther wanted to open up a space for discussion in order to put the church back on the right track.<br\/><br\/>This is my contribution to giving people the opportunity to harvest new fruit together based on these seeds.<br\/><br\/>No party, no government, no candidates, board members or presidents  <br\/><br\/>People who talk about the future and if enough people do, this future will become reality all by itself.<br\/><br\/>I am convinced of this<br\/><br\/>Dr. Bodo Schiffmann 17.05.2025<\/p>\n<\/div>\n\n\n\n<div class=\"wp-block-column is-layout-flow wp-block-column-is-layout-flow\"><\/div>\n\n\n\n<div class=\"wp-block-column is-vertically-aligned-bottom is-layout-flow wp-block-column-is-layout-flow\">\n<figure class=\"wp-block-image size-full\"><img data-recalc-dims=\"1\" loading=\"lazy\" decoding=\"async\" width=\"867\" height=\"1300\" src=\"https:\/\/i0.wp.com\/wir2030.com\/wp-content\/uploads\/2025\/05\/pexels-photo-1557251.jpeg?resize=867%2C1300&#038;ssl=1\" alt=\"Social change\" class=\"wp-image-141\" style=\"aspect-ratio:1;object-fit:cover\"\/><\/figure>\n<\/div>\n<\/div>\n<\/div>\n","protected":false},"excerpt":{"rendered":"<p>Society in transition On this platform, we discuss the current developments and challenges of social change in connection with the 95 theses. Here you can share your thoughts and advocate for positive change. With his theses, Martin Luther wanted to open up a space for discussion in order to put the church back on the [&hellip;]<\/p>\n","protected":false},"author":112514394,"featured_media":0,"parent":0,"menu_order":2,"comment_status":"closed","ping_status":"closed","template":"","meta":{"_crdt_document":"","advanced_seo_description":"","jetpack_seo_html_title":"","jetpack_seo_noindex":false,"footnotes":"","big_sky_generated":false},"class_list":["post-904","page","type-page","status-publish","hentry"],"jetpack_likes_enabled":true,"jetpack_sharing_enabled":true,"jetpack_shortlink":"https:\/\/wp.me\/Pgv6KY-eA","jetpack-related-posts":[{"id":905,"url":"https:\/\/wir2030.com\/en\/about-us\/","url_meta":{"origin":904,"position":0},"title":"About us","author":"boschimo","date":"17. May 2025","format":false,"excerpt":"Understanding social change Our platform promotes social change through open discussions and support for the 95 Theses. Together, we want to shape sustainable change and promote greater social responsibility. Social change begins with dialog Our platform promotes social change through open discussions and joint support for the 95 theses in\u2026","rel":"","context":"Similar post","block_context":{"text":"Similar post","link":""},"img":{"alt_text":"","src":"","width":0,"height":0},"classes":[]},{"id":800,"url":"https:\/\/wir2030.com\/en\/newsletter\/","url_meta":{"origin":904,"position":1},"title":"Newsletter","author":"boschimo","date":"17. May 2025","format":false,"excerpt":"Working together for social change Our platform promotes social change through critical discussions and joint support of the 95 Theses. Become part of this movement. Social change Stay informed about current discussions and initiatives that are changing our society.","rel":"","context":"Similar post","block_context":{"text":"Similar post","link":""},"img":{"alt_text":"","src":"","width":0,"height":0},"classes":[]},{"id":939,"url":"https:\/\/wir2030.com\/en\/","url_meta":{"origin":904,"position":2},"title":"Home","author":"boschimo","date":"17. May 2025","format":false,"excerpt":"Together for social changeWhat Martin Luther wanted with his 95 theses (briefly summarized): Martin Luther did not want to destroy the church, but to lead it back to its true mission.His 95 theses (1517) were directed against: the abuse of religious power (especially through the sale of indulgences), the instrumentalization\u2026","rel":"","context":"Similar post","block_context":{"text":"Similar post","link":""},"img":{"alt_text":"","src":"https:\/\/i0.wp.com\/wir2030.com\/wp-content\/uploads\/2025\/05\/wir2030-bild-1.jpg?resize=350%2C200&ssl=1","width":350,"height":200,"srcset":"https:\/\/i0.wp.com\/wir2030.com\/wp-content\/uploads\/2025\/05\/wir2030-bild-1.jpg?resize=350%2C200&ssl=1 1x, https:\/\/i0.wp.com\/wir2030.com\/wp-content\/uploads\/2025\/05\/wir2030-bild-1.jpg?resize=525%2C300&ssl=1 1.5x"},"classes":[]},{"id":902,"url":"https:\/\/wir2030.com\/fr\/theses\/","url_meta":{"origin":904,"position":3},"title":"Th\u00e8ses","author":"boschimo","date":"17. May 2025","format":false,"excerpt":"Une soci\u00e9t\u00e9 en mutation Sur cette plate-forme, nous discutons des d\u00e9veloppements actuels et des d\u00e9fis du changement social en rapport avec les 95 th\u00e8ses. Ici, vous partagez vos r\u00e9flexions et vous vous engagez pour des changements positifs. Avec ses th\u00e8ses, Martin Luther voulait ouvrir un espace de discussion pour remettre\u2026","rel":"","context":"Similar post","block_context":{"text":"Similar post","link":""},"img":{"alt_text":"","src":"https:\/\/i0.wp.com\/wir2030.com\/wp-content\/uploads\/2025\/05\/pexels-photo-1557251.jpeg?resize=350%2C200&ssl=1","width":350,"height":200,"srcset":"https:\/\/i0.wp.com\/wir2030.com\/wp-content\/uploads\/2025\/05\/pexels-photo-1557251.jpeg?resize=350%2C200&ssl=1 1x, https:\/\/i0.wp.com\/wir2030.com\/wp-content\/uploads\/2025\/05\/pexels-photo-1557251.jpeg?resize=525%2C300&ssl=1 1.5x, https:\/\/i0.wp.com\/wir2030.com\/wp-content\/uploads\/2025\/05\/pexels-photo-1557251.jpeg?resize=700%2C400&ssl=1 2x"},"classes":[]},{"id":9,"url":"https:\/\/wir2030.com\/posts\/","url_meta":{"origin":904,"position":4},"title":"Thesen","author":"boschimo","date":"17. May 2025","format":false,"excerpt":"Gesellschaft im Wandel Auf dieser Plattform diskutieren wir die aktuellen Entwicklungen und Herausforderungen des gesellschaftlichen Wandels im Zusammenhang mit den 95 Thesen. Hier teilen Sie Ihre Gedanken und setzen sich f\u00fcr positive Ver\u00e4nderungen ein.Martin Luther wollte mit seinen Thesen einen Diskussionsraum er\u00f6ffnen, um die Kirche wieder auf den richtigen Weg\u2026","rel":"","context":"Similar post","block_context":{"text":"Similar post","link":""},"img":{"alt_text":"","src":"https:\/\/i0.wp.com\/wir2030.com\/wp-content\/uploads\/2025\/05\/pexels-photo-1557251.jpeg?resize=350%2C200&ssl=1","width":350,"height":200,"srcset":"https:\/\/i0.wp.com\/wir2030.com\/wp-content\/uploads\/2025\/05\/pexels-photo-1557251.jpeg?resize=350%2C200&ssl=1 1x, https:\/\/i0.wp.com\/wir2030.com\/wp-content\/uploads\/2025\/05\/pexels-photo-1557251.jpeg?resize=525%2C300&ssl=1 1.5x, https:\/\/i0.wp.com\/wir2030.com\/wp-content\/uploads\/2025\/05\/pexels-photo-1557251.jpeg?resize=700%2C400&ssl=1 2x"},"classes":[]},{"id":8,"url":"https:\/\/wir2030.com\/newsletter\/","url_meta":{"origin":904,"position":5},"title":"Newsletter","author":"boschimo","date":"17. May 2025","format":false,"excerpt":"Gemeinsam f\u00fcr gesellschaftlichen Wandel Unsere Plattform f\u00f6rdert den gesellschaftlichen Wandel durch kritische Diskussionen und das gemeinsame Unterst\u00fctzen der 95 Thesen. Werden Sie Teil dieser Bewegung. Gesellschaftlicher Wandel Bleiben Sie informiert \u00fcber aktuelle Diskussionen und Initiativen, die unsere Gesellschaft ver\u00e4ndern.","rel":"","context":"Similar post","block_context":{"text":"Similar post","link":""},"img":{"alt_text":"","src":"","width":0,"height":0},"classes":[]}],"_links":{"self":[{"href":"https:\/\/wir2030.com\/en\/wp-json\/wp\/v2\/pages\/904","targetHints":{"allow":["GET"]}}],"collection":[{"href":"https:\/\/wir2030.com\/en\/wp-json\/wp\/v2\/pages"}],"about":[{"href":"https:\/\/wir2030.com\/en\/wp-json\/wp\/v2\/types\/page"}],"author":[{"embeddable":true,"href":"https:\/\/wir2030.com\/en\/wp-json\/wp\/v2\/users\/112514394"}],"replies":[{"embeddable":true,"href":"https:\/\/wir2030.com\/en\/wp-json\/wp\/v2\/comments?post=904"}],"version-history":[{"count":1,"href":"https:\/\/wir2030.com\/en\/wp-json\/wp\/v2\/pages\/904\/revisions"}],"predecessor-version":[{"id":906,"href":"https:\/\/wir2030.com\/en\/wp-json\/wp\/v2\/pages\/904\/revisions\/906"}],"wp:attachment":[{"href":"https:\/\/wir2030.com\/en\/wp-json\/wp\/v2\/media?parent=904"}],"curies":[{"name":"wp","href":"https:\/\/api.w.org\/{rel}","templated":true}]}}

Thèses

Une société en mutation Sur cette plate-forme, nous discutons des développements actuels et des défis du changement social en rapport avec les 95 thèses. Ici, vous partagez vos réflexions et vous vous engagez pour des changements positifs. Avec ses thèses, Martin Luther voulait ouvrir un espace de discussion pour remettre…

Gesellschaft im Wandel Auf dieser Plattform diskutieren wir die aktuellen Entwicklungen und Herausforderungen des gesellschaftlichen Wandels im Zusammenhang mit den 95 Thesen. Hier teilen Sie Ihre Gedanken und setzen sich für positive Veränderungen ein.Martin Luther wollte mit seinen Thesen einen Diskussionsraum eröffnen, um die Kirche wieder auf den richtigen Weg…

Gemeinsam für gesellschaftlichen Wandel Unsere Plattform fördert den gesellschaftlichen Wandel durch kritische Diskussionen und das gemeinsame Unterstützen der 95 Thesen. Werden Sie Teil dieser Bewegung. Gesellschaftlicher Wandel Bleiben Sie informiert über aktuelle Diskussionen und Initiativen, die unsere Gesellschaft verändern.
